econd derivative of -x**4/12 - 4*x**3/3 - 2*x**2 - x. Let j = -21168 - -21202. What is the remainder when j is divided by i(-4)?
10
Calculate the remainder when -5*4/70 - (-5088)/21 is divided by 35.
32
Let k(n) be the third derivative of -1/120*n**6 + 0*n**4 + 1/10*n**5 + 0 - 11*n**2 - 7/6*n**3 + 0*n. Calculate the remainder when 52 is divided by k(5).
16
Let x = 27733 - 23477. Calculate the remainder when x is divided by 87.
80
Let i(y) = 2843*y**2 - 40*y + 1. What is the remainder when i(1) is divided by 187?
186
Let g(y) = -75*y + 3. Let p be g(3). Let f be ((-60)/(-35) - 2) + 1653/(-21). Let s = f - p. What is the remainder when s is divided by 36?
35
Let u(a) = 3*a + 55. Let x be u(5). Suppose -m = -6*m + 310. Calculate the remainder when m is divided by (-126)/(-10) - (-5 + 322/x).
10
Let k(q) = -327*q + 75. Let f be k(-13). Suppose -116*y + f = -109*y. Calculate the remainder when y is divided by 10.
8
Suppose -3*t + 5 = 4*n, -38*n + 5*t = -36*n - 9. Suppose -g - 255 - 152 = -4*h, n*g + 309 = 3*h. Calculate the remainder when h is divided by 4.
1
Suppose -114*h = -112*h + 8, 6*u - 170 = 2*h. What is the remainder when 340 is divided by u?
16
Suppose -1474 - 2611 = -43*z. What is the remainder when z is divided by 35?
25
What is the remainder when 2727 is divided by ((-63)/(-378) - (-13)/12)*(-2 - -10)?
7
Let k(u) = -4*u + 80. Let x be k(19). Suppose -12 = -2*a - x*r, a + 0*a = 5*r + 41. Let c = 5 + 39. What is the remainder when c is divided by a?
12
Calculate the remainder when 2233 is divided by 0 - (-6)/8 - 27/756*-427.
9
Let v = -8678 - -9274. Calculate the remainder when v is divided by 197.
5
Let y = 456 + 297. Calculate the remainder when y is divided by 139.
58
Let b = -2981 - -3096. Calculate the remainder when b is divided by 41.
33
Let z(b) = b**3 - 13*b**2 + 9*b + 50. Let k be z(12). Calculate the remainder when 75 is divided by (-28)/4 + k + 31.
37
Suppose 9 = -5*f + 3*b, 0 = 3*f + b - 31 + 28. Suppose -g + 2*p = -14, 3*p = g - f*p - 16. What is the remainder when 114 is divided by g?
4
Let c(q) = q**2 + 26*q + 33. Let d be c(-23). What is the remainder when 210 is divided by 4*(-9)/d - -32?
12
Calculate the remainder when 55 is divided by 124/28 - 244/(-427).
0
Suppose -510 + 1386 = 6*d. Calculate the remainder when 301 is divided by d.
9
Suppose 5*x = -5*a + 20, 2*x - 19 = -2*x - a. Let k be 41*(1 - -2)/3. Let b = k - 28. What is the remainder when b is divided by x?
3
Let b = -38 + 40. Let i = 69 - 59. Suppose 0 = i*w - 2*w - 136. Calculate the remainder when w is divided by b.
1
Let r = 724 + -693. Calculate the remainder when 1718/14 + (-2 - (-32)/14) is divided by r.
30
Let u(v) = v**3 + 43*v**2 + 40*v - 68. Suppose 2*r = 7*r - 290. What is the remainder when r is divided by u(-42)?
10
What is the remainder when 73 - 70/40*-4 is divided by (-1 - -2)/((-17)/(-493))?
22
Suppose 0*p + 3*m - 21 = -2*p, -5*p + 3*m + 21 = 0. Suppose -5*k - p + 21 = 0. Calculate the remainder when 7 is divided by k.
1
Calculate the remainder when (-24 + 10/(-2))*-6 is divided by 52.
18
Suppose j + 2325 = 3*t, 3*j = 4*t - 2*t - 1557. Calculate the remainder when t is divided by 112.
102
Suppose -5*d - 9*s = -5*s - 431, -2*d - 4*s + 170 = 0. Suppose 0 = -u + f + 10, 2*u + u + 4*f - 16 = 0. What is the remainder when d is divided by u?
7
Let o(w) = w**2 - w + w**3 - 3*w**2 - 2*w**2 + 1 + 6*w**2. Let l(p) = 4*p**2 + 10*p - 12. What is the remainder when o(-2) is divided by l(1)?
1
Suppose 23*q + 5*o = 19*q + 332, -460 = -5*q + 5*o. Calculate the remainder when 1395 is divided by q.
75
Suppose -2*x = 16 - 56. What is the remainder when (-695)/(-7) - (-1980)/(-1540) is divided by x?
18
Let r = 12272 + -11610. What is the remainder when r is divided by 32?
22
Let m(l) = -l**2 + 30*l - 88. Let t be m(27). What is the remainder when ((98/21)/t)/(2/(-108)) is divided by 4?
0
Let z(b) = 7*b**2 + 127*b - 589. What is the remainder when z(5) is divided by 21?
11
Suppose 9*j - 139 = -94. Suppose 0 = -4*z + n + 448, -n + 563 = j*z - 3*n. Calculate the remainder when z is divided by 28.
27
Let d = 323 - 229. Let r = -133105 - -133283. What is the remainder when r is divided by d?
84
Suppose z + 5*u = 5194, 37*z + u - 26090 = 32*z. Calculate the remainder when z is divided by 227.
225
Let c(f) = -2*f**2 + 11*f + 25. Let g be c(7). Suppose g*x = 5*x - 190. What is the remainder when x is divided by 32?
30
Let r be 0 + 19/(19/44). Suppose 1405 = r*c - 1587. What is the remainder when 212 is divided by c?
8
Suppose 5*b = -0*u + 3*u + 113, b = -5*u + 17. Let m = -70 - -111. What is the remainder when m is divided by b?
19
Suppose -112 = 2*i - 6*i. Suppose 17*f + 35*f = 52. What is the remainder when i is divided by (-62 - -50)/(f + -3)?
4
Let v(i) = 3*i**3 + i**2 + 5*i + 3. Let t be ((2/(-3))/(-1))/(2/(-3)). Let y be v(t). What is the remainder when 23 is divided by (-9)/y*(-14)/21*-6?
5
Suppose -30 = a - 3*a. Let u be (-3)/(-15) - (-182)/(-35). Let l(g) = 4*g**2 + 8*g + 28. Calculate the remainder when l(u) is divided by a.
13
Suppose 5*i - l = 394, -3*i - 2*l + 379 = 140. Suppose -2*p = -c - 85, -5*c = -5*p - i + 294. What is the remainder when p is divided by 27?
15
Let h be (-108)/9*(-9)/(-2). Let m = 844 - 739. Let r = m + h. What is the remainder when 201 is divided by r?
48
Let v = 428 - 424. Let u(m) = -m**3 + 9*m**2 + 14*m - 12. Let d be u(10). Suppose d = 3*s + s. What is the remainder when s is divided by v?
3
Suppose -3696 = -12*k + 5*k. Suppose -8*f = 3*f - k. Calculate the remainder when 430 is divided by f.
46
Let u = 4649 + -4491. Calculate the remainder when 767 is divided by u.
135
Let s = 20 + -14. Let t(z) = -z**2 - 5*z + 17. Let f be t(-7). What is the remainder when 89 is divided by (60/42)/(s/14)*f?
9
Let l(k) = 2*k**3 + 21*k**2 + 3*k + 22. Calculate the remainder when l(-10) is divided by 8.
4
Let s(a) = -a**3 + 112*a**2 + 124*a - 1061. Calculate the remainder when s(113) is divided by 51.
29
Let a be ((-1)/(-5)*1)/(14/350). Suppose -4*o + 84 = -6*g + 9*g, -3*o - a*g = -52. Calculate the remainder when 40 is divided by o.
16
Let l(p) = 35*p**3 - 8*p**2 - 11*p - 2. Let v be l(-4). Let s = v + 3303. Suppose -s = -7*q - 172. What is the remainder when q is divided by 29?
28
Let k = -135 - -213. Calculate the remainder when 108 is divided by ((-114)/8)/(k/(-104)).
13
Let k(i) = i**2 - 10*i + 19. Suppose 5*o = 5*m + 1950, -m = -5*o - 6*m + 1970. Suppose 23*x - 9*x = o. What is the remainder when x is divided by k(9)?
8
Calculate the remainder when 2/(-2) - -1182 - (-4 + 6) is divided by 587.
5
Let l be (-874)/(-57) + 2/3. Suppose -21*x = -13*x - l. Suppose 2*d - 90 = -3*d + 2*g, -4*d + x*g = -72. Calculate the remainder when d is divided by 11.
7
Suppose 4*b + 71 = -5*q, 0 = 31*b - 29*b - 2. Calculate the remainder when 79 is divided by q/2*140/(-42).
4
Suppose 42*r - 48*r = -1386. Calculate the remainder when 255 is divided by r.
24
Let m be ((-8)/10 - 6/30)*1. Let t be 4 + m - 3 - 0/(-6). Suppose 2*p - 5*f - 12 = 0, t*f = -5*p + 3*f + 68. Calculate the remainder when 44 is divided by p.
12
Let f(a) = 265*a + 1408. What is the remainder when 195 is divided by f(-5)?
29
Calculate the remainder when -11 + (5592/(-18))/(34/(-102)) is divided by (-745)/(-35) + (-2)/7.
18
Suppose -71*u + 245 = -66*u. Let n be (4 + -1)*(0 - 1). What is the remainder when u is divided by ((-26)/n)/((-6)/(-9))?
10
Suppose -13*f - 18*f + 10*f + 6636 = 0. What is the remainder when f is divided by 104?
4
Suppose 26301 = -0*d + 5*d + l, -d = -2*l - 5258. Suppose -35*b + d = -15*b. What is the remainder when b is divided by 53?
51
Suppose 0 = 3*y + 9, -3*n - 4*y + 34 = -2. What is the remainder when 31 + 2 - 1/((-5)/15) is divided by n?
4
Let n be 5203/(-55) + (3/(-5))/(-1). Let i = n + 220. Calculate the remainder when i is divided by 45.
36
Suppose -433*b - 123 = -436*b. Suppose -b*w = -34*w - 84. What is the remainder when 45 is divided by w?
9
Suppose -160*l - 1154 = -162*l - 5*v, 0 = 2*l - 2*v - 1168. Calculate the remainder when 1746 is divided by l.
0
Let c = 177 - 177. Suppose -19*n + 241 + 6 = c. Calculate the remainder when 28 is divided by n.
2
What is the remainder when 13 - ((-18 - 4814) + -20) is divided by 808?
17
Suppose 0 = z + 71 + 29. Let g = -71